 18?
16
Suppose -115 = -16*i + 13. Calculate the remainder when 38 is divided by i.
6
Let q = -21 + 13. Let u be (q/3)/(2/(-3)). Suppose -f + 10 = 5*m, 2 = -f + 3*m + u. What is the remainder when 14 is divided by f?
4
Let j = 9 + -7. Calculate the remainder when j is divided by (3 + -7)*2/(-4).
0
Suppose -6*a = -7*a + 2. Suppose a*f - f = -6. Calculate the remainder when (33/f)/(4/(-40)) is divided by 19.
17
Let w(o) = o**2 - o + 9. Calculate the remainder when 54 is divided by w(3).
9
Suppose 6*d - 3*n = 2*d, 0 = -2*n. Suppose -2*j + 60 = 5*k - 121, d = 4*k - 3*j - 131. Calculate the remainder when k is divided by 9.
8
Suppose -k = -0*k - 87. Calculate the remainder when k is divided by 22.
21
Let j(z) = 10*z**2 - 17*z - 43. Let n(d) = -3*d**2 + 6*d + 14. Let s(i) = 2*j(i) + 7*n(i). What is the remainder when s(9) is divided by 1?
0
Let j(b) = -3*b - 5*b + 5*b + b**2. Let o be j(3). Suppose o = i - 0*i - 4. What is the remainder when 10 is divided by i?
2
Suppose 0 = 4*b - 5*a - 241, b - a - a - 61 = 0. Let y = -34 - -49. Calculate the remainder when b is divided by y.
14
Calculate the remainder when -1*2/6*-21 is divided by 4.
3
Calculate the remainder when 3 is divided by 0 - (-3 + 0 + 0).
0
Suppose -3*c - 72 = -6*c. Suppose -v - 3*t + 355 = 0, 0*v + 4*v - 1403 = 5*t. Calculate the remainder when v/5 + 9/15 is divided by c.
23
Let f = 15 - -74. Let p = f + -26. What is the remainder when p is divided by 16?
15
Suppose -51 = -2*h - 25. What is the remainder when h is divided by 6?
1
Let v(r) = -r**2 - r + 49. Let f = 43 - 26. What is the remainder when v(0) is divided by f?
15
Let z be (78 + -3)/(1/3). Suppose -5*i + z = -0*i. What is the remainder when i is divided by 12?
9
Suppose q = -3*g + 11, -4*q - 19 = -5*g + 5. What is the remainder when 5 is divided by g?
1
Let j(o) = -o**2 + 5*o - 5. What is the remainder when 3 is divided by j(3)?
0
Let l = 51 + -29. Let h(j) = 12*j. What is the remainder when l is divided by h(1)?
10
Let l = 11 + -15. Suppose 0*y - 2*m = -y + 1, -4*y = 3*m - 15. Let w = y - l. Calculate the remainder when 20 is divided by w.
6
Let p(m) = 3*m**2 + 3*m + 2. Let o be p(4). Suppose o = 3*b - 31. Calculate the remainder when b is divided by 8.
7
Suppose 2*h - 25 = 3*a, 4*h - a = -0*a + 45. Suppose -l - 19 = -3*z + 69, z = -2*l + 34. Let x = z - -1. Calculate the remainder when x is divided by h.
9
Calculate the remainder when -1 - (-81 + -2 - -3) is divided by 20.
19
Suppose 5*f - 2*f = 93. Let k be (3/(-2) - -2)*0. Let g(i) = i**3 - i**2 - i + 11. What is the remainder when f is divided by g(k)?
9
Let l = 9 - -2. Let m = l + -5. What is the remainder when 16 is divided by m?
4
Let y(g) = -g**3 - 9*g**2 + 9*g - 8. Suppose 30 = -c + 2*o + 12, 3*c - 2*o = -38. What is the remainder when y(c) is divided by 2?
0
Let w = 0 + 5. Suppose -w*u = -8*u + 9. Calculate the remainder when 8 is divided by u.
2
Let n(f) = -f**3 - 14*f**2 - 12*f + 17. Let s be n(-13). Suppose r - 3*r + 111 = a, -s*a - 194 = -3*r. Calculate the remainder when r is divided by 15.
13
Suppose -3*w + 5*w - 6 = 0. Suppose -w*d - 1 - 11 = -3*v, 3*v + 4*d - 47 = 0. Calculate the remainder when 33 is divided by v.
6
Suppose -4*a + 66 = 2*y - 22, -97 = -2*y + 5*a. Suppose 14 = 4*h - y. What is the remainder when 43 is divided by h?
13
Suppose 3745 = -4*c - 235. Let y(w) = 2*w + 2. Let p be y(-5). Calculate the remainder when 6/p + c/(-20) is divided by 25.
24
Let x = 4 + 1. Suppose -3*w + 10 = -x. What is the remainder when 58*3/15*w is divided by 20?
18
Let x = 0 - -13. Let b = -3 - -27. Calculate the remainder when b is divided by x.
11
Let i = -309 + 338. Let y = 54 + -34. Suppose p - y = -p. Calculate the remainder when i is divided by p.
9
Calculate the remainder when (0 + 3)*390/18 is divided by 34.
31
Let b(l) = l**2 - 8*l + 1. Calculate the remainder when 41 is divided by b(10).
20
Let y = 185 - 56. What is the remainder when y is divided by 13?
12
Suppose 4*w - 74 = s, 2*w - 5*s = -w + 47. Let t = 73 + -51. Suppose 5*b - 77 = -t. Calculate the remainder when w is divided by b.
8
Suppose 2*c = 3*i + 33 + 15, -5*i - 31 = -c. What is the remainder when 32 is divided by c?
11
Let s(j) = 4*j**3 + 8*j**2 - 6*j + 6. Calculate the remainder when s(3) is divided by 43.
39
Calculate the remainder when (4/(-5))/(1/(-15)) is divided by (-54)/(-10) - (-10)/(-25).
2
Suppose -4*i - 2*d = -0*i - 162, 3*d = -3. Calculate the remainder when i is divided by 11.
8
Suppose -5*z - 4*y = -112, -4*z + 112 = y + 18. Let l = z + -13. What is the remainder when l is divided by 1/((-7)/4 - -2)?
3
Calculate the remainder when ((-122)/4)/((-45)/10 + 4) is divided by 16.
13
Suppose w = 2 - 24. Let n = w - -90. Calculate the remainder when n is divided by 23.
22
Suppose 6*b = 2*b - 52. Let l = 20 + b. Suppose 0 = -g + 2 + l. What is the remainder when 16 is divided by g?
7
Let q(w) = 10 - 2 - 2 + 6*w + 7. What is the remainder when q(11) is divided by 20?
19
Let j = 1 + -1. Suppose j = -2*f + 27 + 11. Suppose i = 3*y - 19, -26 = -4*y - 0*y + i. Calculate the remainder when f is divided by y.
5
Let s = 3 + 23. What is the remainder when s is divided by 11?
4
Let v(c) = c**3 - c + 47. Let z = -27 + 39. Calculate the remainder when v(0) is divided by z.
11
Suppose -2*f - 20 = -2. Calculate the remainder when 47 is divided by (f/(-2))/(6/16).
11
Suppose 5*s + 40 = -25. Suppose -2*c + 3*c + 6 = 0. Let o = c - s. Calculate the remainder when o is divided by 3.
1
Let f be -60*1/((-5)/(-2)). Let s = f + 77. Let k = s + -35. What is the remainder when k is divided by 10?
8
Suppose -3*v + 63 + 24 = 0. Calculate the remainder when v is divided by 6.
5
Let m(g) = g**2 - 2. Let p(o) = o - 1. Let x be p(1). Suppose -v + x*v = -27. What is the remainder when v is divided by m(-4)?
13
Let u(v) = v**2 + 3. What is the remainder when u(2) is divided by 2?
1
Let v(h) = 4*h**3 + 10*h**2 - 3*h - 6. Let r(j) = j**3 + j**2. Let d(a) = 3*r(a) - v(a). What is the remainder when d(-8) is divided by 12?
10
What is the remainder when (-11)/(-2) + 1/(-2) is divided by 8 - (-4)/((-2)/2)?
1
Let g = -13 - -19. Calculate the remainder when 11 is divided by g.
5
Suppose -3*j - 6 = -4*j. Suppose 5*l - 30 = 4*g, 4*g + j = 3*l - 12. Suppose 3*p + 33 = l*p. What is the remainder when 31 is divided by p?
9
Suppose 67 = -3*i + 229. What is the remainder when i is divided by 16?
6
Let n(c) = -2*c**3 + 2*c**2 + 3*c + 2. Calculate the remainder when (-90)/(-75) - 379/(-5) is divided by n(-2).
17
Suppose -4*y + y = -4*o + 98, 0 = 3*o - 3*y - 75. Let m = o + 3. Let a = 21 - 7. What is the remainder when m is divided by a?
12
Suppose 2*l - 4*z - 22 = 0, -2*l - 11 = 2*l + 3*z. Let v = 5 + l. Calculate the remainder when v is divided by 3.
0
Let r be 2/13 - (-6886)/(-143). Let c = r + 67. Calculate the remainder when 37 is divided by c.
18
Let o(k) = -k**2 - 6*k - 1. Suppose 12 = s - 3*s. Let u be o(s). Let t(j) = 13*j**2 + j + 1. What is the remainder when 38 is divided by t(u)?
12
Let x(k) = 7*k**3 - k**2 + k. What is the remainder when 24 is divided by x(1)?
3
Let o(q) = -q**3 - q**2 + 2*q + 2. Let x be o(-2). What is the remainder when 22/121 + (-570)/(-11) is divided by 2 + (x*8)/1?
16
Let k be -1 + 1 - (5 + -2). Let a(y) = 2*y. Let c be a(-2). Let z = k - c. What is the remainder when z is divided by 1?
0
Let c(x) = 9*x - 3. Let k be c(6). Suppose 4*q - 92 = -3*j, 2*j - k = -2*q + 7. What is the remainder when 70 is divided by j?
22
Let j(u) = -u**2 + 13*u + 6. Let g(b) = b**2 + b + 31. Let c be g(0). Suppose 0 = -5*l + 24 + c. What is the remainder when j(l) is divided by 15?
13
Let r(j) = j**2 + 2*j - 3. Let l be r(-4). Let k(n) = 4*n + 5. Suppose 2*a - 37 = 2*c - 7*c, 4*a - 2 = -2*c. Calculate the remainder when k(l) is divided by c.
7
Let g = -243 - -253. Let c(h) = -4*h**3 - 2*h**2 - 2*h + 1. What is the remainder when c(-2) is divided by g?
9
Let o be 30*(-3 - 63/(-15)). Let j = o + -18. What is the remainder when j is divided by 10?
8
Suppose 4*k - 5 = 95. Calculate the remainder when k is divided by 13.
12
Let w = -2 - -6. Let u = w - -3. Calculate the remainder when (-1)/(2/26*-1) is divided by u.
6
Let p(n) = -n**3 - 7*n**2 + n + 7. Let l be p(-7). Suppose l = -5*f + 61 - 21. What is the remainder when 23 is